of -9*o + 0 - 2/3*o**3 - 1/12*o**4 - 3*o**2. Calculate i(-4).
-6
Let u(z) be the third derivative of z**4/24 - 7*z**3/6 + 14*z**2 - 1. Determine u(5).
-2
Let f(m) be the third derivative of m**4/24 - 5*m**3/6 + m**2. Suppose -17 = -5*b + 13. Calculate f(b).
1
Let s(j) = -j. Suppose 3*u = u. Calculate s(u).
0
Let u(j) be the second derivative of -j**4/12 - 2*j**2 - 21*j. Give u(3).
-13
Suppose -4*a + 3*z = -1, 3*a = -3*z + 3 + 24. Suppose y = -y + a. Suppose -4 = -3*n + y*n. Let c(u) = u**3 - 3*u**2 - 2*u. Give c(n).
8
Let j(p) = 2*p**2 - p**2 - 1 - 4 - p. Suppose -5*o + 5*y - 10 = 0, -5*o - y + 1 + 1 = 0. What is j(o)?
-5
Let b(c) be the first derivative of c**5/60 + c**4/8 - 5*c**3/6 - 2*c**2 - 2. Let p(x) be the second derivative of b(x). Give p(-5).
5
Let r(z) = 2*z + 5*z + 1 - 4*z - 4*z. Let t be r(-4). Let k(g) = g**3 - 6*g**2 + 5*g + 1. Determine k(t).
1
Let r(u) = u**2 + 2*u - 2. Let k = -21 + 17. Calculate r(k).
6
Let r(y) = 4*y + 5. Let g(h) = 9*h + 11. Let j(q) = -6*g(q) + 13*r(q). What is j(2)?
-5
Let y(k) = -8*k - 2. Let v(a) = 9*a + 3. Let l(n) = 6*v(n) + 9*y(n). What is l(1)?
-18
Let a(j) = j**2 + 3*j - 4. Let p(c) = c - 6. Let n be p(2). Calculate a(n).
0
Let f(b) be the third derivative of -1/6*b**3 + 0 - 4*b**2 + 0*b + 1/24*b**4 + 1/30*b**5. Give f(-2).
5
Suppose -3*j - 2*j + 2*l - 14 = 0, 0 = 4*l + 12. Let d(m) = m**2 + m + 1. Let r(x) = -5*x - 6 - 1 - 3*x**2 - 1. Let s(c) = j*d(c) - r(c). Determine s(3).
-2
Suppose 0 = 4*h - 16, -42 = -3*o - 5*h + 2*h. Let l(x) = x**2 - 10*x - 4. Let w be l(o). Let i = 7 + w. Let r(s) = s**3 - 3*s**2 + s - 2. Calculate r(i).
1
Suppose 2*r + 11 = o, 0*o + r = -o + 23. Suppose 2*i = 0, 4*i + 11 = 5*g - o. Let z(a) = 2*a - 7. Give z(g).
5
Let l(t) = t**2 + 4. Let o(h) = 4*h + 1. Let p(r) = -r. Let c(m) = o(m) + 3*p(m). Let s be c(2). Determine l(s).
13
Suppose 0*j = -j - 5. Let d(o) = o + 7. Calculate d(j).
2
Suppose -5 = -k - 4*k. Let l(f) = f - 6*f - k - 2*f + 0. Determine l(1).
-8
Let n(z) = 4*z - 1. Let r(y) = 7*y - 3. Let j(v) = -5*n(v) + 3*r(v). Suppose -3*d + 3*w = -d - 15, -27 = -4*d + 3*w. Determine j(d).
2
Let c(y) = -y + 2. Let t be c(5). Suppose g = -2*h - 9, -2*h - 3*g + 0 + 1 = 0. Let z = h - t. Let n(q) = -q**3 - 4*q**2 + q + 3. Give n(z).
-1
Let c be (12/(-9))/((-6)/9). Let d = 2 - c. Let q(i) = i + 2. Calculate q(d).
2
Suppose -3*x - 3*o + 5*o + 3 = 0, -3*o = 5*x - 24. Let q(y) = 0*y - y - y - y + y**2 - x. Calculate q(4).
1
Let k(a) = 8*a**3 - 3*a**2 - a + 1. Let b(n) = 16*n**3 - 7*n**2 - 2*n + 2. Let j(p) = 3*b(p) - 7*k(p). Suppose 2*l - v + 7 = 2*v, 3*l = 4*v - 9. Calculate j(l).
-8
Suppose i = 3*p - 9, 6*p = 3*p - 3*i - 3. Let m(d) = -5*d + 8*d - d**p + 8 + 2*d. What is m(6)?
2
Let r(k) = -k**2 + 5*k + 8. Let d = 2 + 3. Let t = 1 + d. Determine r(t).
2
Let o(n) = -3*n + 1. Let l be (8/(-3))/((-16)/(-24)). Let t be 12/(-18) - l/(-3). Determine o(t).
7
Let b be (0 - 8/10)*(-60)/24. Let h(k) = -2*k**2 - 2*k + 1. Determine h(b).
-11
Let n(t) = 3*t - 4. Let g(j) = -j + 1. Let z(v) = g(v) - n(v). Calculate z(7).
-23
Let v(b) = -5*b**3 - b**2 + 2*b - 1. Let z = -7 - -10. Suppose g - 4 = -z*g. What is v(g)?
-5
Let a(r) = 23*r - 12*r + 1 - 18*r - 6*r. Calculate a(-1).
14
Let o(j) = 2*j**3 + 4*j**2 + 9*j - 2. Let h(z) = -z + 1. Let x(n) = 5*h(n) + o(n). Determine x(-2).
-5
Let y(d) be the third derivative of -d**2 - 1/6*d**4 + 0 - 2/3*d**3 + 0*d - 1/120*d**6 - 1/12*d**5. Give y(-4).
-4
Let m(d) = -3*d**3 - 5*d + d**2 + 5*d + 2*d**3. What is m(1)?
0
Let c(p) = -p**2 + p - 4. Let a(k) = k**2 - 2*k + 4. Let v(u) = -6*a(u) - 7*c(u). Determine v(-4).
0
Let i(q) be the third derivative of -q**5/60 - q**4/8 + q**3/6 + 6*q**2. What is i(-4)?
-3
Suppose -5*a + 4*r + 6 + 15 = 0, -4*a - 3*r - 8 = 0. Let i(d) = -4*d + 3 + 0 + d**3 - 2*d + a - 5*d**2. Give i(6).
4
Let v = -8 - 8. Let l be (20/v)/((-2)/8). Suppose -l*j + 15 = -2*j. Let b(k) = k**2 - 3*k - 6. Give b(j).
4
Let g = 13 - 11. Let y(m) = 2*m**3 - 2*m**2 + m - 1. Calculate y(g).
9
Let m(z) = -4*z**2 - 2*z**2 + 0*z - 4 + z**3 + 5*z**2 - z. Give m(0).
-4
Let i(u) be the second derivative of -u**4/12 - u**3 + 2*u**2 + 3*u. Calculate i(-6).
4
Let k be (10/4)/((-25)/(-50)). Let u(x) = x**3 - 6*x**2 + 6*x + 1. Calculate u(k).
6
Let p(f) be the first derivative of 2/3*f**3 - 3*f + 1 - 3/2*f**2. Give p(3).
6
Let p(q) be the first derivative of q**4/4 - 2*q**3 + 5*q**2/2 + q - 1. Let b be 0 + 5 - (-2 + 2)/(-9). Determine p(b).
1
Let u(z) = 3 - 7*z - 4 - 9*z + 17*z. Give u(7).
6
Let i(c) = -6*c**3 + c. Let u = -8 - -9. Give i(u).
-5
Let g(w) = -4*w**3 + 2*w**2 + 2*w - 4. Let y(t) = -5*t**3 + 2*t**2 + 2*t - 5. Let j(d) = 4*g(d) - 3*y(d). Calculate j(2).
3
Suppose 5*i - 11 = 3*n + 5, 5*i + n = 28. Let m(d) = -2*d + 6. Determine m(i).
-4
Suppose -5*h - 3 = 2*c, -17 = 2*h + h + 5*c. Let w = h - 0. Let x be (-2)/(4/10*w). Let y(u) = -u**2 - 5*u + 2. Determine y(x).
2
Let o(g) = -2*g**3 - 7*g**2 - 15*g**2 + 7 + g**3 + 27*g**2. Calculate o(5).
7
Let s(c) = -4*c - 2. Let g be s(-4). Let b = g - 19. Let r(o) = -o**3 - 4*o**2 + 6*o - 7. Determine r(b).
-12
Let w(s) be the third derivative of s**5/60 - s**4/8 + s**3/6 + s**2. Calculate w(3).
1
Let d be (-1)/(-6) + 543/(-18). Let j be ((-6)/9)/((-4)/d). Let u(a) = -a - 6. Determine u(j).
-1
Let y(m) = m**2 - 3*m + 2. Let t = 26 + -13. Suppose -2 - t = -5*f. Suppose 0*o = f*o - 6. Give y(o).
0
Let u(w) be the second derivative of w**5/20 + w**4/3 - 5*w**3/6 + w**2 - 36*w. Calculate u(-5).
2
Suppose 5*d - 70 = -5. Let s = 21 - d. Let k(y) = 3*y + 0*y + s - y. Determine k(-6).
-4
Let m = -15 + 19. Let i(q) = q - 8 + 3 - 6*q. Let a(j) = -j. Let s(z) = 6*a(z) - i(z). Determine s(m).
1
Let c(d) be the first derivative of 1/2*d**2 - 3 - 4*d. Determine c(4).
0
Let h(o) = -o**3 + 3*o**2 - o + 1. Let d be h(2). Let u(v) = 0*v - 3*v - 2*v + d. Give u(2).
-7
Suppose -4*g = 5*w - 61, 0*w + 4*w - 20 = 0. Let a(s) = -s**2 + 7*s + 12. Calculate a(g).
-6
Let i(m) = -42 - m**3 + 46 + 0*m**3 - 4*m**2. Suppose 3*r = 4*r + 3. Give i(r).
-5
Let u(v) = v**2 + 14*v + 2. Let t(o) = -3*o**2 - 41*o - 5. Let p(w) = 6*t(w) + 17*u(w). Let q(d) be the first derivative of p(d). Give q(-6).
4
Let y be (24/18)/(1/6). Let m(k) = 44 - 24 + 3*k**2 - 19 - y*k**2 - 2*k. What is m(1)?
-6
Let i(h) = -h**3 - 3*h**2 + 5*h + 5. Let j(q) = -5*q**2 - q + 2. Let g be j(1). What is i(g)?
1
Suppose -4*t - 16 = 3*p + t, -5*p = -4*t - 35. Let b(y) be the second derivative of -y**5/20 + y**4/3 - y**3/2 + y. Determine b(p).
0
Let b(f) = -f - 20. Let q(m) = 2*m + 41. Let t(j) = -9*b(j) - 4*q(j). Calculate t(-12).
4
Suppose -3*s - 3 = 3. Let c(a) = 6*a + 4. Let o(l) = -7*l - 4. Let k(u) = 6*c(u) + 5*o(u). What is k(s)?
2
Suppose 0 = -0*g - 5*g + 5. Suppose -3*c + 2*v + v + 21 = 0, 0 = 3*c + 4*v + 7. Let t = g - c. Let s(k) = -k. Give s(t).
2
Suppose 0 = g - 5*l - 20, -4*l - 26 = 2*g + 4. Let s(o) = 2*o + 4. Calculate s(g).
-6
Let h be ((-18)/63)/(2/(-14)). Let o(y) = 2*y - 1 - 8*y**2 + 0*y**h + 4*y**2. Calculate o(1).
-3
Let t(v) = 5*v + 29. Let s(i) = -3*i - 19. Let f(p) = -8*s(p) - 5*t(p). Determine f(3).
4
Let x(u) = 9*u - 6. Let l(c) = 9*c - 5. Let t(j) = 5*l(j) - 4*x(j). Calculate t(1).
8
Let c(p) = -p**3 - 7*p**2 + 9*p + 2. Let o(i) = 2*i - 36. Let r be o(14). Determine c(r).
-6
Suppose 0 = -5*q + 10. Let f(t) = 4*t - t**2 - 4*t + q + 4*t - 2*t. What is f(3)?
-1
Let m(z) be the second derivative of z**8/3360 + z**7/1260 + z**6/360 + z**5/120 - z**4/4 + 2*z. Let c(j) be the third derivative of m(j). Determine c(-1).
-1
Let r(z) = -z**2 + 7*z - 5. Suppose 2*a + 12 = 5*i - 22, -i - 5*a = 4. Let w be i/3 + -1 - -4. Give r(w).
5
Let y(f) = -f. Let b(l) be the second derivative of l**4/12 - 4*l**3/3 - 2*l**2 - l. Let k(w) = -b(w) + 4*y(w). Calculate k(4).
4
Let q(l) = -l - 13. Let k(z) = -z - 13. Let y(n) = -6*k(n) + 7*q(n). Determine y(-7).
-6
Let q(o) = 3*o**3 + o**2 + o. Suppose -19 = -2*c + 5*m, -3*m = 2*c + 2*c + 1. Let l = c + -3. Determine q(l).
-3
Let x be 61/9 - (-4)/18. Let n(z) = 4 + 6*z + x + z**2 - 3 - 3. Give n(-4).
-3
Let r(z) be the third derivative of -z**4/24 + z**3/6 - 9*z**2. Give r(5).
-4
Suppose 0 = 3*f - 4 - 11. Let p(y) be the second derivative of 1/3*y**4 - 4/3*y**3 - 3*y**2 + 2*y + 1/20*y**f + 0. What is p(-5)?
9
Let u be (4 - -2)*1